{"id":107,"date":"2024-08-26T19:25:24","date_gmt":"2024-08-26T19:25:24","guid":{"rendered":"https:\/\/asesoriasjuridicas.cl\/?page_id=107"},"modified":"2024-08-26T21:29:06","modified_gmt":"2024-08-26T21:29:06","slug":"policia-local-2","status":"publish","type":"page","link":"https:\/\/asesoriasjuridicas.cl\/index.php\/policia-local-2\/","title":{"rendered":"Juzgado de Polic\u00eda Local"},"content":{"rendered":"\n<p>Los Juzgados de Polic\u00eda local Conocen los siguientes asuntos:<br><strong>a.<\/strong>&nbsp;Las infracciones a los preceptos que reglamentan el tr\u00e1nsito y transporte p\u00fablico.<br><strong>b.<\/strong>&nbsp;Las infracciones a las ordenanzas, reglamentos y decretos alcaldicios.<\/p>\n\n\n\n<p>Las infracciones a las leyes especiales tales como la de rentas municipales, ley general de urbanismo y construcciones y ordenanza respectiva, ley de calificaci\u00f3n cinematogr\u00e1fica, pavimentaci\u00f3n, alcoholes, pesca y caza, vigilantes privados.<\/p>\n\n\n\n<p>Las infracciones a las leyes tales como: Ley Org\u00e1nica Constitucional N\u00aa18.700 sobre votaciones y escrutinios, Ley N\u00ba19.303, sobre Seguridad Ciudadana, Ley N\u00ba 19.496 sobre protecci\u00f3n de los derechos del consumidor, Ley N\u00ba 19.537 sobre propiedad inmobiliaria, entre otras tales como:<\/p>\n\n\n\n<p><strong>Conflictos en comunidades<\/strong>&nbsp;ya que de conformidad a lo dispuesto en el art\u00edculo 32 de la Ley N\u00b021.442, sobre Copropiedad Inmobiliaria, los conflictos o contiendas que se promuevan entre copropietarios o entre \u00e9stos y el administrador, relativas a la administraci\u00f3n del condominio respectivo, ser\u00e1 de competencia de los juzgados de Polic\u00eda Local y se sujetar\u00e1n al procedimiento establecido en la Ley N\u00b0 18.287, que Establece el Procedimiento ante Los Juzgados de Polic\u00eda Local\u201d.<\/p>\n\n\n\n<p>Otras que le encomiende la ley.<\/p>\n\n\n\n<figure class=\"wp-block-image size-full is-resized\"><img loading=\"lazy\" decoding=\"async\" width=\"589\" height=\"589\" src=\"https:\/\/asesoriasjuridicas.cl\/wp-content\/uploads\/2024\/08\/policia-local.jpg\" alt=\"\" class=\"wp-image-54\" style=\"width:785px;height:auto\" srcset=\"https:\/\/asesoriasjuridicas.cl\/wp-content\/uploads\/2024\/08\/policia-local.jpg 589w, https:\/\/asesoriasjuridicas.cl\/wp-content\/uploads\/2024\/08\/policia-local-300x300.jpg 300w, https:\/\/asesoriasjuridicas.cl\/wp-content\/uploads\/2024\/08\/policia-local-150x150.jpg 150w\" sizes=\"auto, (max-width: 589px) 100vw, 589px\" \/><\/figure>\n","protected":false},"excerpt":{"rendered":"<p>Los Juzgados de Polic\u00eda local Conocen los siguientes asuntos:a.&nbsp;Las infracciones a los preceptos que reglamentan el tr\u00e1nsito y transporte p\u00fablico.b.&nbsp;Las infracciones a las ordenanzas, reglamentos y decretos alcaldicios. Las infracciones a las leyes especiales tales como la de rentas municipales, ley general de urbanismo y construcciones y ordenanza respectiva, ley de calificaci\u00f3n cinematogr\u00e1fica, pavimentaci\u00f3n, alcoholes,&#8230;<\/p>\n","protected":false},"author":1,"featured_media":0,"parent":0,"menu_order":0,"comment_status":"closed","ping_status":"closed","template":"","meta":{"_kadence_starter_templates_imported_post":false,"_kad_post_transparent":"","_kad_post_title":"","_kad_post_layout":"","_kad_post_sidebar_id":"","_kad_post_content_style":"","_kad_post_vertical_padding":"","_kad_post_feature":"","_kad_post_feature_position":"","_kad_post_header":false,"_kad_post_footer":false,"_kad_post_classname":"","footnotes":""},"class_list":["post-107","page","type-page","status-publish","hentry"],"_links":{"self":[{"href":"https:\/\/asesoriasjuridicas.cl\/index.php\/wp-json\/wp\/v2\/pages\/107","targetHints":{"allow":["GET"]}}],"collection":[{"href":"https:\/\/asesoriasjuridicas.cl\/index.php\/wp-json\/wp\/v2\/pages"}],"about":[{"href":"https:\/\/asesoriasjuridicas.cl\/index.php\/wp-json\/wp\/v2\/types\/page"}],"author":[{"embeddable":true,"href":"https:\/\/asesoriasjuridicas.cl\/index.php\/wp-json\/wp\/v2\/users\/1"}],"replies":[{"embeddable":true,"href":"https:\/\/asesoriasjuridicas.cl\/index.php\/wp-json\/wp\/v2\/comments?post=107"}],"version-history":[{"count":3,"href":"https:\/\/asesoriasjuridicas.cl\/index.php\/wp-json\/wp\/v2\/pages\/107\/revisions"}],"predecessor-version":[{"id":185,"href":"https:\/\/asesoriasjuridicas.cl\/index.php\/wp-json\/wp\/v2\/pages\/107\/revisions\/185"}],"wp:attachment":[{"href":"https:\/\/asesoriasjuridicas.cl\/index.php\/wp-json\/wp\/v2\/media?parent=107"}],"curies":[{"name":"wp","href":"https:\/\/api.w.org\/{rel}","templated":true}]}}