{"id":105,"date":"2024-08-26T19:25:24","date_gmt":"2024-08-26T19:25:24","guid":{"rendered":"https:\/\/asesoriasjuridicas.cl\/?page_id=105"},"modified":"2024-08-26T21:26:01","modified_gmt":"2024-08-26T21:26:01","slug":"laboral-2","status":"publish","type":"page","link":"https:\/\/asesoriasjuridicas.cl\/index.php\/laboral-2\/","title":{"rendered":"Laboral"},"content":{"rendered":"\n<p><strong>AREA LABORAL.<\/strong><\/p>\n\n\n\n<p>Asesoriasjuridicas.cl \u2013 ofrece defensas laborales en diferentes \u00e1reas del Derecho Laboral tales como t\u00e9rminos de contrato, ley de subcontrataci\u00f3n, despidos y negociaciones colectivas.<\/p>\n\n\n\n<p><strong>DEFENZA FUNCIONARIOS DEL ESTADO Y MUNICIPALIDADES<\/strong><\/p>\n\n\n\n<p>Asesoriasjuridicas.cl \u2013 ofrece La mejor protecci\u00f3n legal para todos los funcionarios p\u00fablicos de Chile:<\/p>\n\n\n\n<p>1.- Protecci\u00f3n funcionarios a Contrata<\/p>\n\n\n\n<p>Defendemos y representamos judicialmente a todos los Trabajadores a Contrata del Estado. Protegemos los derechos que la ley les confiere a efectos de otorgarles tranquilidad y bienestar.<\/p>\n\n\n\n<p>2.- Protecci\u00f3n funcionarios a Honorarios<\/p>\n\n\n\n<p>Asesoramos y Orientamos a los Trabajadores a Honorarios y Sindicatos de Trabajadores Independientes de todo Chile, que buscan exigir sus derechos laborales y el reconocimiento de su calidad de trabajador.<\/p>\n\n\n\n<p>3.- Representaci\u00f3n y defensa en sumarios<\/p>\n\n\n\n<p>Te defendemos en todas las etapas del proceso sumarial, desde la citaci\u00f3n a declarar hasta agotar todos los recursos administrativos, ejerza su derecho a ser defendido por un abogado especialista<\/p>\n\n\n\n<p>4.- Asesor\u00eda Integral Asociaciones de funcionarios<\/p>\n\n\n\n<p>Brindamos asesor\u00eda y orientaci\u00f3n gratuita a las agrupaciones de Trabajadores a Honorarios de todo el territorio nacional que requieran informaci\u00f3n respecto de sus derechos y c\u00f3mo pueden exigirlos.<\/p>\n\n\n\n<p><strong>Gu\u00eda para la Conducci\u00f3n de la Audiencia \u00danica en Procedimiento Monitorio Laboral:<\/strong><\/p>\n\n\n\n<p>https:\/\/guias.academiajudicial.cl\/guia-para-la-conduccion-de-audiencia-laboral-audiencia-monitoria\/category\/guia-audiencia-monitoria<\/p>\n\n\n\n<p><strong>Gu\u00eda para la Conducci\u00f3n de la Audiencia Preparatoria<\/strong>&nbsp;\u2013 <\/p>\n\n\n\n<p><blockquote class=\"wp-embedded-content\" data-secret=\"I9SmiX6Tw1\"><a href=\"https:\/\/guias.academiajudicial.cl\/guia-para-la-conduccion-de-la-audiencia-laborales-del-procedimiento-preparatorio\/1-buenas-practicas-del-tribunal-para-la-ejecucion-de-las-audiencias\/\">1 Buenas pr\u00e1cticas del tribunal para la ejecuci\u00f3n de las audiencias<\/a><\/blockquote><iframe loading=\"lazy\" class=\"wp-embedded-content\" sandbox=\"allow-scripts\" security=\"restricted\" style=\"position: absolute; visibility: hidden;\" title=\"&#8220;1 Buenas pr\u00e1cticas del tribunal para la ejecuci\u00f3n de las audiencias&#8221; &#8212; Gu\u00eda para la Conducci\u00f3n de Audiencias laborales Audiencia preparatoria\" src=\"https:\/\/guias.academiajudicial.cl\/guia-para-la-conduccion-de-la-audiencia-laborales-del-procedimiento-preparatorio\/1-buenas-practicas-del-tribunal-para-la-ejecucion-de-las-audiencias\/embed\/#?secret=tjq237kThm#?secret=I9SmiX6Tw1\" data-secret=\"I9SmiX6Tw1\" width=\"600\" height=\"338\" frameborder=\"0\" marginwidth=\"0\" marginheight=\"0\" scrolling=\"no\"><\/iframe><\/p>\n\n\n\n<p><strong>Gu\u00eda para la Conducci\u00f3n de la Audiencia de Juicio Oral Laboral<\/strong>&nbsp;\u2013 https:\/\/guias.academiajudicial.cl\/guia-para-la-conduccion-de-audiencias-laborales-audiencia-de-juicio-oral\/presentacion\/ <\/p>\n\n\n\n<p><strong>Gu\u00eda para la conducci\u00f3n de la Audiencia de Conciliaci\u00f3n Laboral<\/strong>&nbsp;\u2013 https:\/\/guias.academiajudicial.cl\/guia-para-la-conduccion-de-audiencia-laboral-de-conciliacion-laboral\/presentacion\/<\/p>\n\n\n\n<figure class=\"wp-block-image size-full\"><img loading=\"lazy\" decoding=\"async\" width=\"589\" height=\"589\" src=\"https:\/\/asesoriasjuridicas.cl\/wp-content\/uploads\/2024\/08\/laboral.jpg\" alt=\"\" class=\"wp-image-46\" srcset=\"https:\/\/asesoriasjuridicas.cl\/wp-content\/uploads\/2024\/08\/laboral.jpg 589w, https:\/\/asesoriasjuridicas.cl\/wp-content\/uploads\/2024\/08\/laboral-300x300.jpg 300w, https:\/\/asesoriasjuridicas.cl\/wp-content\/uploads\/2024\/08\/laboral-150x150.jpg 150w\" sizes=\"auto, (max-width: 589px) 100vw, 589px\" \/><\/figure>\n","protected":false},"excerpt":{"rendered":"<p>AREA LABORAL. Asesoriasjuridicas.cl \u2013 ofrece defensas laborales en diferentes \u00e1reas del Derecho Laboral tales como t\u00e9rminos de contrato, ley de subcontrataci\u00f3n, despidos y negociaciones colectivas. DEFENZA FUNCIONARIOS DEL ESTADO Y MUNICIPALIDADES Asesoriasjuridicas.cl \u2013 ofrece La mejor protecci\u00f3n legal para todos los funcionarios p\u00fablicos de Chile: 1.- Protecci\u00f3n funcionarios a Contrata Defendemos y representamos judicialmente a&#8230;<\/p>\n","protected":false},"author":1,"featured_media":0,"parent":0,"menu_order":0,"comment_status":"closed","ping_status":"closed","template":"","meta":{"_kadence_starter_templates_imported_post":false,"_kad_post_transparent":"","_kad_post_title":"","_kad_post_layout":"","_kad_post_sidebar_id":"","_kad_post_content_style":"","_kad_post_vertical_padding":"","_kad_post_feature":"","_kad_post_feature_position":"","_kad_post_header":false,"_kad_post_footer":false,"_kad_post_classname":"","footnotes":""},"class_list":["post-105","page","type-page","status-publish","hentry"],"_links":{"self":[{"href":"https:\/\/asesoriasjuridicas.cl\/index.php\/wp-json\/wp\/v2\/pages\/105","targetHints":{"allow":["GET"]}}],"collection":[{"href":"https:\/\/asesoriasjuridicas.cl\/index.php\/wp-json\/wp\/v2\/pages"}],"about":[{"href":"https:\/\/asesoriasjuridicas.cl\/index.php\/wp-json\/wp\/v2\/types\/page"}],"author":[{"embeddable":true,"href":"https:\/\/asesoriasjuridicas.cl\/index.php\/wp-json\/wp\/v2\/users\/1"}],"replies":[{"embeddable":true,"href":"https:\/\/asesoriasjuridicas.cl\/index.php\/wp-json\/wp\/v2\/comments?post=105"}],"version-history":[{"count":5,"href":"https:\/\/asesoriasjuridicas.cl\/index.php\/wp-json\/wp\/v2\/pages\/105\/revisions"}],"predecessor-version":[{"id":181,"href":"https:\/\/asesoriasjuridicas.cl\/index.php\/wp-json\/wp\/v2\/pages\/105\/revisions\/181"}],"wp:attachment":[{"href":"https:\/\/asesoriasjuridicas.cl\/index.php\/wp-json\/wp\/v2\/media?parent=105"}],"curies":[{"name":"wp","href":"https:\/\/api.w.org\/{rel}","templated":true}]}}